{"id":18,"date":"2019-04-29T11:46:37","date_gmt":"2019-04-29T11:46:37","guid":{"rendered":"http:\/\/www.quadrinhosinfinitos.com.br\/?page_id=18"},"modified":"2025-10-07T01:38:07","modified_gmt":"2025-10-07T01:38:07","slug":"contato","status":"publish","type":"page","link":"http:\/\/www.catiaana.art.br\/?page_id=18","title":{"rendered":"Contato"},"content":{"rendered":"\n<figure class=\"wp-block-image aligncenter size-full is-resized\"><img loading=\"lazy\" decoding=\"async\" width=\"939\" height=\"756\" src=\"http:\/\/quadrinhosinfinitos.com.br\/wp-content\/uploads\/2023\/12\/contato.png\" alt=\"\" class=\"wp-image-2048\" style=\"width:577px;height:auto\" srcset=\"http:\/\/www.catiaana.art.br\/wp-content\/uploads\/2023\/12\/contato.png 939w, http:\/\/www.catiaana.art.br\/wp-content\/uploads\/2023\/12\/contato-300x242.png 300w, http:\/\/www.catiaana.art.br\/wp-content\/uploads\/2023\/12\/contato-768x618.png 768w\" sizes=\"auto, (max-width: 939px) 100vw, 939px\" \/><\/figure>\n\n\n\n<p class=\"has-text-align-left\">Ol\u00e1, eu sou a C\u00e1tia Ana, quadrinista, Programadora Visual e pesquisadora <a href=\"http:\/\/blogdaaspas.blogspot.com\/\">ASPAS<\/a>.<\/p>\n\n\n\n<p>Voc\u00ea pode me encontrar aqui: <br><strong>E-mail:<\/strong> santanarev@gmail.com<br><strong>Youtube:<\/strong> <a href=\"https:\/\/www.youtube.com\/channel\/UCL6HETisUwlR9P2F2b_NJIA\">C\u00e1tia Ana HQ<\/a><br><strong>Instagram:<\/strong> <a href=\"https:\/\/www.instagram.com\/catia_anahq\/\">@catia_anahq<\/a> <br><\/p>\n\n\n\n<p class=\"has-text-align-left\"><strong>Um pouco sobre mim:<\/strong> <br>Participei de diversas colet\u00e2neas, a maioria de forma independente. <br>Com o zine <em>Tempo<\/em> e os \u00e1lbuns <em>Ref\u00fagio<\/em> e <em>Gatito<\/em> inaugurei em 2018 meu selo <em>Quadrinhos Infinitos<\/em>. Neste website publico tamb\u00e9m<em><a href=\"http:\/\/www.quadrinhosinfinitos.com.br\/?page_id=15\"> webcomics<\/a>,<\/em> dentre elas <a aria-label=\"O Di\u00e1rio de Virg\u00ednia (abre numa nova aba)\" href=\"http:\/\/odiariodevirginia.com\/\" target=\"_blank\" rel=\"noreferrer noopener\">O Di\u00e1rio de Virg\u00ednia<\/a>, produzido de 2010 a 2016. Em 2020 venci o Trof\u00e9u Hqmix na categoria disserta\u00e7\u00e3o, por minha <a href=\"https:\/\/repositorio.bc.ufg.br\/tede\/handle\/tede\/9328\">pesquisa defendida<\/a> em 2019. <\/p>\n\n\n\n<p><\/p>\n\n\n\n<p><strong>Minhas produ\u00e7\u00f5es:<\/strong> <\/p>\n\n\n\n<p><\/p>\n\n\n\n<p><em>Sincronia<\/em> (2025) &#8211; zine impresso, publica\u00e7\u00e3o independente<br><em><em>Box mini-zines <\/em>(2024) &#8211;<\/em> zines impressos, publica\u00e7\u00e3o independente<br><em>Erozine <\/em>#1 e #2 (2024) &#8211; zine impresso, publica\u00e7\u00e3o independente<br><em>Anil<\/em> (2024) &#8211; zine impresso, publica\u00e7\u00e3o independente<br><em>Epifania <\/em>#1 (segunda edi\u00e7\u00e3o, 2024 ) &#8211; zine impresso, publica\u00e7\u00e3o independente<br><em>Epifania <\/em>#2 (2024) &#8211; zine impresso, publica\u00e7\u00e3o independente<br><em>O tempo nos quadrinhos <\/em>(2023), ASPAS &#8211; e-book. Leia <a href=\"http:\/\/quadrinhosinfinitos.com.br\/E-books\/O-Tempo-nos-quadrinhos.pdf\" data-type=\"URL\" data-id=\"http:\/\/quadrinhosinfinitos.com.br\/E-books\/O-Tempo-nos-quadrinhos.pdf\">aqui<\/a>. <br><em>Epifania #01 <\/em>(2022) &#8211; zine impresso, publica\u00e7\u00e3o independente<br><em>Dossi\u00ea Mulheres e Arte Sequencial: elas pesquisam, elas produzem <\/em>(2022) &#8211; co-organiza\u00e7\u00e3o junto com Danielle Barros Silva Fortuna, Maiara Alvim de Almeida e Nataly Costa Fernandes Alves. Leia <a href=\"https:\/\/files.cercomp.ufg.br\/weby\/up\/459\/o\/Desenredos_16.pdf\" target=\"_blank\" rel=\"noreferrer noopener\">aqui.<\/a><br><em>Ratito <\/em>(2022) &#8211; publica\u00e7\u00e3o independente, impressa.<br><em>Quadrinhos Infinitos<\/em> (2018-presente) &#8211; webcomics. Leia <a href=\"http:\/\/www.quadrinhosinfinitos.com.br\/\" data-type=\"URL\" data-id=\"http:\/\/www.quadrinhosinfinitos.com.br\/\" target=\"_blank\" rel=\"noreferrer noopener\">aqui<\/a><br><em>Pequi com quadrinhos 2<\/em> (roteiro de Heluiza Bri\u00e3o, 2020) &#8211; publica\u00e7\u00e3o independente. Leia <a href=\"http:\/\/quadrinhosinfinitos.com.br\/E-books\/Pequi%20com%20Quadrinhos%202.pdf\" data-type=\"URL\" data-id=\"http:\/\/quadrinhosinfinitos.com.br\/E-books\/Pequi%20com%20Quadrinhos%202.pdf\">aqui<\/a><br><em>Fixa\u00e7\u00e3o <\/em>(roteiro de Heluiza Bri\u00e3o, 2020), publica\u00e7\u00e3o independente &#8211; leia <a href=\"http:\/\/quadrinhosinfinitos.com.br\/E-books\/Fixa%C3%A7%C3%A3o2.pdf\" data-type=\"URL\" data-id=\"http:\/\/quadrinhosinfinitos.com.br\/E-books\/Fixa%C3%A7%C3%A3o2.pdf\" target=\"_blank\" rel=\"noreferrer noopener\">aqui<\/a><br><em>Mulheres e quadrinhos<\/em> &#8211; Organizadoras Dani Marino e Lalu\u00f1a Machado (2019), colet\u00e2nea, p. 251-253<br><em>Gatito Vol. 1<\/em> (2019), publica\u00e7\u00e3o independente. Leia <a href=\"http:\/\/quadrinhosinfinitos.com.br\/E-books\/Gatito%20Vol%201.pdf\" data-type=\"URL\" data-id=\"http:\/\/quadrinhosinfinitos.com.br\/E-books\/Gatito%20Vol%201.pdf\">aqui<\/a><br><em>Klimt em quadrinhos<\/em> (2019) &#8211; organizadora. Leia <a href=\"http:\/\/quadrinhosinfinitos.com.br\/E-books\/Klimt-em-quadrinhos.pdf\" data-type=\"URL\" data-id=\"http:\/\/quadrinhosinfinitos.com.br\/E-books\/Klimt-em-quadrinhos.pdf\" target=\"_blank\" rel=\"noreferrer noopener\">aqui<\/a><br>Zine <em>O tempo multidimensional nos quadrinhos<\/em> (2018) &#8211; leia <a href=\"http:\/\/www.quadrinhosinfinitos.com.br\/?page_id=342\">aqui<\/a> <br>Zine <em>Tempo <\/em>(2018) &#8211; leia <a href=\"http:\/\/www.quadrinhosinfinitos.com.br\/?page_id=87\">aqui<\/a> <br><em>Ref\u00fagio<\/em> (2018), publica\u00e7\u00e3o independente &#8211; leia <a href=\"https:\/\/quadrinhosinfinitos.com.br\/Refugio\/Refugio.html\">aqui<\/a> <br><em>A arte dos quadrinhos<\/em> (2017) &#8211; Organiza\u00e7\u00e3o de C\u00e1tia Ana e Edgar Franco &#8211; Leia <a href=\"http:\/\/quadrinhosinfinitos.com.br\/E-books\/Arte-dos-quadrinhos.pdf\" data-type=\"URL\" data-id=\"http:\/\/quadrinhosinfinitos.com.br\/E-books\/Arte-dos-quadrinhos.pdf\">aqui<\/a><br><em>O Di\u00e1rio de Virg\u00ednia<\/em> &#8211; webcomic (2010-2016) &#8211; <a href=\"http:\/\/www.odiariodevirginia.com\/\">leia aqui<\/a> <br><em>When a man loves a woman <\/em>(2016), Editora Marca de Fantasia &#8211; leia <a href=\"http:\/\/www.odiariodevirginia.com\/port\/whenaman.html\">aqui<\/a> <br><em>O Di\u00e1rio de Virg\u00ednia<\/em> (2015), Editora Marca de Fantasia &#8211; leia <a href=\"http:\/\/www.odiariodevirginia.com\/port\/cap24.html\">aqui<\/a> <br><em>SPAM<\/em> (2015), Zarabatana Books <br><em>Pequi com Quadrinhos<\/em> <em>1<\/em> (2015), publica\u00e7\u00e3o independente de grupo <br><em>QICO &#8211; Quadrinhistas Independentes do Centro Oeste<\/em> <em>1 e 2<\/em> (2013 e 2014), publica\u00e7\u00e3o independente de grupo<br><\/p>\n\n\n\n<figure class=\"wp-block-image size-large\"><img loading=\"lazy\" decoding=\"async\" width=\"1024\" height=\"692\" src=\"https:\/\/catiaana.art.br\/wp-content\/uploads\/2025\/10\/trabalhos-1200x585-1-1024x692.png\" alt=\"\" class=\"wp-image-2407\" srcset=\"http:\/\/www.catiaana.art.br\/wp-content\/uploads\/2025\/10\/trabalhos-1200x585-1-1024x692.png 1024w, http:\/\/www.catiaana.art.br\/wp-content\/uploads\/2025\/10\/trabalhos-1200x585-1-300x203.png 300w, http:\/\/www.catiaana.art.br\/wp-content\/uploads\/2025\/10\/trabalhos-1200x585-1-768x519.png 768w, http:\/\/www.catiaana.art.br\/wp-content\/uploads\/2025\/10\/trabalhos-1200x585-1.png 1200w\" sizes=\"auto, (max-width: 1024px) 100vw, 1024px\" \/><\/figure>\n","protected":false},"excerpt":{"rendered":"<p>Ol\u00e1, eu sou a C\u00e1tia Ana, quadrinista, Programadora Visual e pesquisadora ASPAS. Voc\u00ea pode me encontrar aqui: E-mail: santanarev@gmail.comYoutube: C\u00e1tia Ana HQInstagram: @catia_anahq Um pouco sobre mim: Participei de diversas colet\u00e2neas, a maioria de forma independente. Com o zine Tempo e os \u00e1lbuns Ref\u00fagio e Gatito inaugurei em 2018 meu selo Quadrinhos Infinitos. Neste website &hellip; <\/p>\n<p class=\"link-more\"><a href=\"http:\/\/www.catiaana.art.br\/?page_id=18\" class=\"more-link\">Leia mais<span class=\"screen-reader-text\"> &#8220;Contato&#8221;<\/span><\/a><\/p>\n","protected":false},"author":1,"featured_media":0,"parent":0,"menu_order":0,"comment_status":"closed","ping_status":"closed","template":"","meta":{"inspiro_hide_title":false,"footnotes":""},"class_list":["post-18","page","type-page","status-publish","hentry"],"_links":{"self":[{"href":"http:\/\/www.catiaana.art.br\/index.php?rest_route=\/wp\/v2\/pages\/18","targetHints":{"allow":["GET"]}}],"collection":[{"href":"http:\/\/www.catiaana.art.br\/index.php?rest_route=\/wp\/v2\/pages"}],"about":[{"href":"http:\/\/www.catiaana.art.br\/index.php?rest_route=\/wp\/v2\/types\/page"}],"author":[{"embeddable":true,"href":"http:\/\/www.catiaana.art.br\/index.php?rest_route=\/wp\/v2\/users\/1"}],"replies":[{"embeddable":true,"href":"http:\/\/www.catiaana.art.br\/index.php?rest_route=%2Fwp%2Fv2%2Fcomments&post=18"}],"version-history":[{"count":58,"href":"http:\/\/www.catiaana.art.br\/index.php?rest_route=\/wp\/v2\/pages\/18\/revisions"}],"predecessor-version":[{"id":2410,"href":"http:\/\/www.catiaana.art.br\/index.php?rest_route=\/wp\/v2\/pages\/18\/revisions\/2410"}],"wp:attachment":[{"href":"http:\/\/www.catiaana.art.br\/index.php?rest_route=%2Fwp%2Fv2%2Fmedia&parent=18"}],"curies":[{"name":"wp","href":"https:\/\/api.w.org\/{rel}","templated":true}]}}